09?
3, 7, 29
List the prime factors of 8946.
2, 3, 7, 71
What are the prime factors of 48124?
2, 53, 227
List the prime factors of 1763.
41, 43
List the prime factors of 1528.
2, 191
List the prime factors of 3048.
2, 3, 127
List the prime factors of 8010.
2, 3, 5, 89
What are the prime factors of 48527?
48527
What are the prime factors of 1187?
1187
What are the prime factors of 6893?
61, 113
List the prime factors of 8.
2
List the prime factors of 7444.
2, 1861
What are the prime factors of 1312?
2, 41
What are the prime factors of 731?
17, 43
List the prime factors of 549.
3, 61
What are the prime factors of 8657?
11, 787
List the prime factors of 11140.
2, 5, 557
List the prime factors of 24771.
3, 23, 359
List the prime factors of 42269.
43, 983
List the prime factors of 143.
11, 13
List the prime factors of 12070.
2, 5, 17, 71
List the prime factors of 5345.
5, 1069
List the prime factors of 39958.
2, 19979
What are the prime factors of 4338?
2, 3, 241
List the prime factors of 14842.
2, 41, 181
List the prime factors of 28749.
3, 7, 37
List the prime factors of 27660.
2, 3, 5, 461
List the prime factors of 5774.
2, 2887
What are the prime factors of 1263?
3, 421
What are the prime factors of 17462?
2, 8731
What are the prime factors of 38368?
2, 11, 109
List the prime factors of 80983.
7, 23, 503
List the prime factors of 670.
2, 5, 67
List the prime factors of 6826.
2, 3413
List the prime factors of 60629.
19, 3191
What are the prime factors of 326?
2, 163
What are the prime factors of 71065?
5, 61, 233
What are the prime factors of 18371?
18371
List the prime factors of 39221.
7, 13, 431
What are the prime factors of 1624?
2, 7, 29
List the prime factors of 40082.
2, 7, 409
List the prime factors of 8168.
2, 1021
List the prime factors of 10014.
2, 3, 1669
What are the prime factors of 71779?
179, 401
What are the prime factors of 618?
2, 3, 103
What are the prime factors of 6282?
2, 3, 349
List the prime factors of 690.
2, 3, 5, 23
List the prime factors of 1030.
2, 5, 103
List the prime factors of 32887.
32887
List the prime factors of 250.
2, 5
List the prime factors of 24173.
23, 1051
What are the prime factors of 1697?
1697
What are the prime factors of 1349?
19, 71
List the prime factors of 5691.
3, 7, 271
List the prime factors of 53950.
2, 5, 13, 83
List the prime factors of 444.
2, 3, 37
List the prime factors of 7176.
2, 3, 13, 23
List the prime factors of 71840.
2, 5, 449
What are the prime factors of 4520?
2, 5, 113
What are the prime factors of 3672?
2, 3, 17
What are the prime factors of 31373?
137, 229
List the prime factors of 70.
2, 5, 7
List the prime factors of 254.
2, 127
List the prime factors of 135130.
2, 5, 13513
List the prime factors of 1346.
2, 673
What are the prime factors of 52805?
5, 59, 179
List the prime factors of 74948.
2, 41, 457
What are the prime factors of 32730?
2, 3, 5, 1091
What are the prime factors of 65851?
65851
What are the prime factors of 9215?
5, 19, 97
What are the prime factors of 34654?
2, 17327
What are the prime factors of 682?
2, 11, 31
What are the prime factors of 25119?
3, 2791
What are the prime factors of 53301?
3, 109, 163
What are the prime factors of 13?
13
List the prime factors of 4841.
47, 103
What are the prime factors of 36807?
3, 12269
List the prime factors of 8237.
8237
List the prime factors of 8217.
3, 11, 83
List the prime factors of 5768.
2, 7, 103
List the prime factors of 1740.
2, 3, 5, 29
What are the prime factors of 59?
59
List the prime factors of 43421.
7, 6203
List the prime factors of 5458.
2, 2729
List the prime factors of 14803.
113, 131
List the prime factors of 7448.
2, 7, 19
What are the prime factors of 1708?
2, 7, 61
List the prime factors of 57143.
57143
What are the prime factors of 1155?
3, 5, 7, 11
List the prime factors of 1224.
2, 3, 17
List the prime factors of 55131.
3, 17, 23, 47
List the prime factors of 246.
2, 3, 41
What are the prime factors of 1829?
31, 59
What are the prime factors of 18961?
67, 283
List the prime factors of 1347.
3, 449
List the prime factors of 13294.
2, 17, 23
List the prime factors of 14389.
14389
What are the prime factors of 2030?
2, 5, 7, 29
What are the prime factors of 9488?
2, 593
What are the prime factors of 5031?
3, 13, 43
List the prime factors of 11759.
11, 1069
List the prime factors of 1079.
13, 83
What are the prime factors of 17488?
2, 1093
What are the prime factors of 700?
2, 5, 7
What are the prime factors of 11596?
2, 13, 223
What are the prime factors of 26834?
2, 13417
List the prime factors of 26481.
3, 7, 13, 97
What are the prime factors of 919?
919
List the prime factors of 748.
2, 11, 17
List the prime factors of 7790.
2, 5, 19, 41
List the prime factors of 5217.
3, 37, 47
List the prime factors of 4715.
5, 23, 41
What are the prime factors of 2217?
3, 739
What are the prime factors of 187?
11, 17
List the prime factors of 1660.
2, 5, 83
List the prime factors of 34284.
2, 3, 2857
List the prime factors of 4112.
2, 257
List the prime factors of 299.
13, 23
List the prime factors of 42499.
42499
What are the prime factors of 14181?
3, 29, 163
List the prime factors of 16329.
3, 5443
List the prime factors of 51959.
223, 233
What are the prime factors of 86?
2, 43
What are the prime factors of 10456?
2, 1307
What are the prime factors of 864?
2, 3
List the prime factors of 2338.
2, 7, 167
List the prime factors of 2292.
2, 3, 191
What are the prime factors of 6751?
43, 157
List the prime factors of 4769.
19, 251
What are the prime factors of 8395?
5, 23, 73
What are the prime factors of 1137?
3, 379
What are the prime factors of 845?
5, 13
List the prime factors of 7396.
2, 43
List the prime factors of 839.
839
List the prime factors of 988.
2, 13, 19
List the prime factors of 707.
7, 101
What are the prime factors of 8848?
2, 7, 79
List the prime factors of 1209.
3, 13, 31
What are the prime factors of 49353?
3, 16451
What are the prime factors of 10307?
11, 937
What are the prime factors of 1346?
2, 673
List the prime factors of 957.
3, 11, 29
List the prime factors of 1360.
2, 5, 17
List the prime factors of 1113.
3, 7, 53
What are the prime factors of 1203?
3, 401
What are the prime factors of 236?
2, 59
List the prime factors of 973.
7, 139
What are the prime factors of 8088?
2, 3, 337
List the prime factors of 179.
179
What are the prime factors of 1714?
2, 857
What are the prime factors of 26482?
2, 13241
What are the prime factors of 57752?
2, 7219
List the prime factors of 952.
2, 7, 17
What are the prime factors of 519?
3, 173
List the prime factors of 2648.
2, 331
List the prime factors of 1962.
2, 3, 109
List the prime factors of 13259.
13259
List the prime factors of 45808.
2, 7, 409
What are the prime factors of 14017?
107, 131
List the prime factors of 8158.
2, 4079
What are the prime factors of 1216?
2, 19
List the prime factors of 2981.
11, 271
List the prime factors of 11573.
71, 163
List the prime factors of 10104.
2, 3, 421
List the prime factors of 450.
2, 3, 5
List the prime factors of 3089.
3089
List the prime factors of 749.
7, 107
What are the prime factors of 8911?
7, 19, 67
What are the prime factors of 26487?
3, 109
What are the prime factors of 18886?
2, 7, 19, 71
List the prime factors of 5378.
2, 2689
What are the prime factors of 45851?
13, 3527
List the prime factors of 15281.
7, 37, 59
What are the prime factors of 2743?
13, 211
What are the prime factors of 27727?
7, 17, 233
List the prime factors of 1660.
2, 5, 83
List the prime factors of 5727.
3, 23, 83
What are the prime factors of 186018?
2, 3, 7, 43, 103
List the prime factors of 350.
2, 5, 7
What are the prime factors of 4694?
2, 2347
What are the prime factors of 21239?
67, 317
List the prime factors of 397.
397
What are the prime factors of 673?
673
What are the prime factors of 7422?
2, 3, 1237
List the prime factors of 22874.
2, 11437
What are the prime factors of 2412?
2, 3, 67
List the prime factors of 17095.
5, 13, 263
What are the prime factors of 898?
2, 449
List the prime factors of 1177.
11, 107
List the prime factors of 15409.
19, 811
List the prime factors of 4053.
3, 7, 193
What are the prime factors of 2209?
47
What are the prime factors of 246?
2, 3, 41
List the prime facto